{"id":282,"date":"2022-09-12T11:23:37","date_gmt":"2022-09-12T11:23:37","guid":{"rendered":"https:\/\/laserillas.sercagestion.com\/?page_id=282"},"modified":"2022-10-11T10:41:59","modified_gmt":"2022-10-11T10:41:59","slug":"equipamiento","status":"publish","type":"page","link":"https:\/\/laserillas.sercagestion.com\/index.php\/equipamiento\/","title":{"rendered":"Equipamiento"},"content":{"rendered":"\t\t<div data-elementor-type=\"wp-page\" data-elementor-id=\"282\" class=\"elementor elementor-282\">\n\t\t\t\t\t\t\t\t\t<section class=\"elementor-section elementor-top-section elementor-element elementor-element-db474ae elementor-section-boxed elementor-section-height-default elementor-section-height-default\" data-id=\"db474ae\" data-element_type=\"section\">\n\t\t\t\t\t\t<div class=\"elementor-container elementor-column-gap-default\">\n\t\t\t\t\t<div class=\"elementor-column elementor-col-100 elementor-top-column elementor-element elementor-element-64db7a87\" data-id=\"64db7a87\" data-element_type=\"column\">\n\t\t\t<div class=\"elementor-widget-wrap elementor-element-populated\">\n\t\t\t\t\t\t\t\t<div class=\"elementor-element elementor-element-24d59a55 elementor-widget elementor-widget-text-editor\" data-id=\"24d59a55\" data-element_type=\"widget\" data-widget_type=\"text-editor.default\">\n\t\t\t\t<div class=\"elementor-widget-container\">\n\t\t\t<style>\/*! elementor - v3.6.8 - 27-07-2022 *\/\n.elementor-widget-text-editor.elementor-drop-cap-view-stacked .elementor-drop-cap{background-color:#818a91;color:#fff}.elementor-widget-text-editor.elementor-drop-cap-view-framed .elementor-drop-cap{color:#818a91;border:3px solid;background-color:transparent}.elementor-widget-text-editor:not(.elementor-drop-cap-view-default) .elementor-drop-cap{margin-top:8px}.elementor-widget-text-editor:not(.elementor-drop-cap-view-default) .elementor-drop-cap-letter{width:1em;height:1em}.elementor-widget-text-editor .elementor-drop-cap{float:left;text-align:center;line-height:1;font-size:50px}.elementor-widget-text-editor .elementor-drop-cap-letter{display:inline-block}<\/style>\t\t\t\t<!-- wp:paragraph -->\n<p style=\"text-align: center;\">Piscina climatizada<br \/>Parking privado exterior<br \/>Barbacoa<br \/>Port\u00e1til<br \/>Lavadora<br \/>Secadora<br \/>Horno<br \/>Microondas<br \/>Placa de inducci\u00f3n<br \/>Nevera<br \/>2 televisores<br \/>Chimenea<br \/>Calefacci\u00f3n frio\/calor<br \/>Ba\u00f1era<br \/>Exenta Secadores de pelo<br \/>Canasta de baloncesto<br \/>Mesa de ping pong<\/p>\n<!-- \/wp:paragraph -->\t\t\t\t\t\t<\/div>\n\t\t\t\t<\/div>\n\t\t\t\t\t<\/div>\n\t\t<\/div>\n\t\t\t\t\t\t\t<\/div>\n\t\t<\/section>\n\t\t\t\t<section class=\"elementor-section elementor-top-section elementor-element elementor-element-176d143 elementor-section-boxed elementor-section-height-default elementor-section-height-default\" data-id=\"176d143\" data-element_type=\"section\">\n\t\t\t\t\t\t<div class=\"elementor-container elementor-column-gap-default\">\n\t\t\t\t\t<div class=\"elementor-column elementor-col-100 elementor-top-column elementor-element elementor-element-164b3f4\" data-id=\"164b3f4\" data-element_type=\"column\">\n\t\t\t<div class=\"elementor-widget-wrap elementor-element-populated\">\n\t\t\t\t\t\t\t\t<div class=\"elementor-element elementor-element-d4725a6 elementor-widget elementor-widget-image\" data-id=\"d4725a6\" data-element_type=\"widget\" data-widget_type=\"image.default\">\n\t\t\t\t<div class=\"elementor-widget-container\">\n\t\t\t<style>\/*! elementor - v3.6.8 - 27-07-2022 *\/\n.elementor-widget-image{text-align:center}.elementor-widget-image a{display:inline-block}.elementor-widget-image a img[src$=\".svg\"]{width:48px}.elementor-widget-image img{vertical-align:middle;display:inline-block}<\/style>\t\t\t\t\t\t\t\t\t\t\t\t<img src=\"https:\/\/laserillas.sercagestion.com\/wp-content\/uploads\/elementor\/thumbs\/IMG_6162-1-scaled-pt08c8g5zlx355h0qokjnqym6do7w94eza350totk0.jpg\" title=\"IMG_6162\" alt=\"IMG_6162\" \/>\t\t\t\t\t\t\t\t\t\t\t\t\t\t\t<\/div>\n\t\t\t\t<\/div>\n\t\t\t\t\t<\/div>\n\t\t<\/div>\n\t\t\t\t\t\t\t<\/div>\n\t\t<\/section>\n\t\t\t\t\t\t\t<\/div>\n\t\t","protected":false},"excerpt":{"rendered":"<p>Piscina climatizadaParking privado exteriorBarbacoaPort\u00e1tilLavadoraSecadoraHornoMicroondasPlaca de inducci\u00f3nNevera2 televisoresChimeneaCalefacci\u00f3n frio\/calorBa\u00f1eraExenta Secadores de peloCanasta de baloncestoMesa de ping pong<\/p>\n","protected":false},"author":1,"featured_media":0,"parent":0,"menu_order":0,"comment_status":"closed","ping_status":"closed","template":"","meta":{"om_disable_all_campaigns":false,"_monsterinsights_skip_tracking":false,"_monsterinsights_sitenote_active":false,"_monsterinsights_sitenote_note":"","_monsterinsights_sitenote_category":0},"aioseo_notices":[],"_links":{"self":[{"href":"https:\/\/laserillas.sercagestion.com\/index.php\/wp-json\/wp\/v2\/pages\/282"}],"collection":[{"href":"https:\/\/laserillas.sercagestion.com\/index.php\/wp-json\/wp\/v2\/pages"}],"about":[{"href":"https:\/\/laserillas.sercagestion.com\/index.php\/wp-json\/wp\/v2\/types\/page"}],"author":[{"embeddable":true,"href":"https:\/\/laserillas.sercagestion.com\/index.php\/wp-json\/wp\/v2\/users\/1"}],"replies":[{"embeddable":true,"href":"https:\/\/laserillas.sercagestion.com\/index.php\/wp-json\/wp\/v2\/comments?post=282"}],"version-history":[{"count":20,"href":"https:\/\/laserillas.sercagestion.com\/index.php\/wp-json\/wp\/v2\/pages\/282\/revisions"}],"predecessor-version":[{"id":317,"href":"https:\/\/laserillas.sercagestion.com\/index.php\/wp-json\/wp\/v2\/pages\/282\/revisions\/317"}],"wp:attachment":[{"href":"https:\/\/laserillas.sercagestion.com\/index.php\/wp-json\/wp\/v2\/media?parent=282"}],"curies":[{"name":"wp","href":"https:\/\/api.w.org\/{rel}","templated":true}]}}